?
11
Calculate the remainder when 1759084 is divided by 161.
159
What is the remainder when 61467 is divided by 4?
3
Calculate the remainder when 266628 is divided by 105.
33
Calculate the remainder when 1699 is divided by 1347.
352
What is the remainder when 2749 is divided by 2720?
29
Calculate the remainder when 379455 is divided by 87.
48
Calculate the remainder when 12865 is divided by 39.
34
Calculate the remainder when 1764 is divided by 41.
1
What is the remainder when 591 is divided by 64?
15
What is the remainder when 12481 is divided by 3619?
1624
What is the remainder when 15224 is divided by 5070?
14
What is the remainder when 1688685 is divided by 1296?
1293
What is the remainder when 28774 is divided by 264?
262
Calculate the remainder when 7053 is divided by 221.
202
Calculate the remainder when 7954 is divided by 26.
24
Calculate the remainder when 37476 is divided by 76.
8
What is the remainder when 3493 is divided by 1742?
9
Calculate the remainder when 82375 is divided by 292.
31
What is the remainder when 52419 is divided by 20?
19
What is the remainder when 12731 is divided by 3181?
7
Calculate the remainder when 10182 is divided by 19.
17
Calculate the remainder when 228940 is divided by 45783.
25
What is the remainder when 17312 is divided by 447?
326
What is the remainder when 142 is divided by 38?
28
What is the remainder when 15684 is divided by 15599?
85
What is the remainder when 1732 is divided by 75?
7
Calculate the remainder when 3324050 is divided by 60.
50
Calculate the remainder when 3543 is divided by 1675.
193
Calculate the remainder when 3526 is divided by 841.
162
Calculate the remainder when 181875 is divided by 55.
45
Calculate the remainder when 109232 is divided by 159.
158
What is the remainder when 579587 is divided by 110?
107
Calculate the remainder when 460068 is divided by 524.
520
Calculate the remainder when 339361 is divided by 148.
145
What is the remainder when 553 is divided by 92?
1
What is the remainder when 1790 is divided by 847?
96
What is the remainder when 9217 is divided by 2300?
17
Calculate the remainder when 12244 is divided by 721.
708
What is the remainder when 1702199 is divided by 134?
131
What is the remainder when 32347 is divided by 688?
11
What is the remainder when 70631 is divided by 561?
506
Calculate the remainder when 3709 is divided by 91.
69
What is the remainder when 205509 is divided by 832?
5
Calculate the remainder when 20554 is divided by 4098.
64
Calculate the remainder when 23640 is divided by 1681.
106
Calculate the remainder when 50549 is divided by 409.
242
Calculate the remainder when 4325 is divided by 1224.
653
Calculate the remainder when 4580 is divided by 198.
26
What is the remainder when 2483 is divided by 276?
275
Calculate the remainder when 539019 is divided by 24.
3
Calculate the remainder when 1558151 is divided by 536.
535
What is the remainder when 14721 is divided by 699?
42
What is the remainder when 997668 is divided by 26?
22
Calculate the remainder when 3174 is divided by 91.
80
What is the remainder when 862 is divided by 35?
22
What is the remainder when 54329 is divided by 6030?
59
Calculate the remainder when 15640 is divided by 313.
303
Calculate the remainder when 5208 is divided by 858.
60
Calculate the remainder when 12686 is divided by 289.
259
What is the remainder when 556 is divided by 552?
4
What is the remainder when 153316 is divided by 5475?
16
Calculate the remainder when 4248 is divided by 4210.
38
What is the remainder when 6157 is divided by 14?
11
Calculate the remainder when 2348 is divided by 1441.
907
Calculate the remainder when 2709 is divided by 114.
87
What is the remainder when 652 is divided by 154?
36
Calculate the remainder when 58761 is divided by 177.
174
Calculate the remainder when 9785 is divided by 125.
35
Calculate the remainder when 7429 is divided by 927.
13
What is the remainder when 3645 is divided by 1442?
761
What is the remainder when 14772 is divided by 112?
100
What is the remainder when 21834 is divided by 7253?
75
Calculate the remainder when 1003 is divided by 499.
5
Calculate the remainder when 964 is divided by 438.
88
What is the remainder when 301773 is divided by 6?
3
What is the remainder when 113350 is divided by 157?
153
What is the remainder when 45679 is divided by 54?
49
Calculate the remainder when 42843 is divided by 14277.
12
What is the remainder when 2869 is divided by 150?
19
What is the remainder when 377109 is divided by 215?
214
Calculate the remainder when 2002453 is divided by 6765.
13
What is the remainder when 2543 is divided by 16?
15
What is the remainder when 222349 is divided by 66?
61
Calculate the remainder when 8434 is divided by 5.
4
What is the remainder when 895 is divided by 181?
171
Calculate the remainder when 65185 is divided by 281.
274
Calculate the remainder when 1061397 is divided by 75.
72
Calculate the remainder when 25269 is divided by 1677.
114
What is the remainder when 165437 is divided by 26?
25
Calculate the remainder when 358 is divided by 118.
4
What is the remainder when 52312 is divided by 202?
196
What is the remainder when 4152 is divided by 242?
38
What is the remainder when 1269 is divided by 605?
59
What is the remainder when 3683 is divided by 1216?
35
What is the remainder when 10457 is divided by 34?
19
Calculate the remainder when 18404 is divided by 312.
308
What is the remainder when 14489 is divided by 150?
89
What is the remainder when 62763 is divided by 279?
267
What is the remainder when 2022603 is divided by 9?
6
Calculate the remainder when 169449 is divided by 439.
434
What is the remainder when 31013 is divided by 114?
5
Calculate the remainder when 4629 is divided by 767.
27
Calculate the remainder when 292303 is divided by 15.
13
Calculate the remainder when 6210 is divided by 286.
204
What is the remainder when 25233 is divided by 73?
48
What is the remainder when 6933 is divided by 308?
157
Calculate the remainder when 5638 is divided by 13.
9
What is the remainder when 10219 is divided by 364?
27
What is the remainder when 160840 is divided by 53613?
1
What is the remainder when 14082 is divided by 31?
8
What is the remainder when 10708 is divided by 94?
86
What is the remainder when 1321 is divided by 428?
37
What is the remainder when 141146 is divided by 6?
2
Calculate the remainder when 6223 is divided by 1242.
13
Calculate the remainder when 27941 is divided by 9.
5
What is the remainder when 72071 is divided by 12?
11
Calculate the remainder when 10153 is divided by 196.
157
Calculate the remainder when 2449 is divided by 360.
289
Calculate the remainder when 4473 is divided by 445.
23
What is the remainder when 12231 is divided by 125?
106
Calculate the remainder when 184 is divided by 29.
10
What is the remainder when 176704 is divided by 24?
16
What is the remainder when 31659 is divided by 98?
5
Calculate the remainder when 6192 is divided by 214.
200
What is the remainder when 758108 is divided by 94?
92
What is the remainder when 5970 is divided by 41?
25
What is the remainder when 55648 is divided by 4275?
73
What is the remainder when 9187 is divided by 354?
337
What is the remainder when 2204 is divided by 132?
92
Calculate the remainder when 18463 is divided by 18460.
3
Calculate the remainder when 155419 is divided by 3532.
11
Calculate the remainder when 714 is divided by 354.
6
Calculate the remainder when 143950 is divided by 6.
4
What is the remainder when 13765 is divided by 383?
360
What is the remainder when 11908 is divided by 353?
259
Calculate the remainder when 1325 is divided by 307.
97
What is the remainder when 27843 is divided by 557?
550
What is the remainder when 202311 is divided by 209?
208
What is the remainder when 1837 is divided by 294?
73
What is the remainder when 8323 is divided by 46?
43
What is the remainder when 141368 is divided by 476?
472
What is the remainder when 15988 is divided by 219?
1
What is the remainder when 28056 is divided by 23?
19
What is the remainder when 16055 is divided by 12?
11
What is the remainder when 1416366 is divided by 16?
14
Calculate the remainder when 9221 is divided by 77.
58
Calculate the remainder when 101 is divided by 5